82).
17
Let g = 183 - 77. Suppose 0 = -5*k - g + 141. Calculate the remainder when 16 is divided by k.
2
Suppose 58*k - 2240 = 54*k + 3*a, -2870 = -5*k - 5*a. What is the remainder when k is divided by 362?
204
Suppose 39 = 3*u - 0*u. Let s = -3680 + 3730. Calculate the remainder when s is divided by u.
11
Let k(y) = -261*y - 1554. Calculate the remainder when 3573 is divided by k(-6).
9
Suppose -3*q = -2*z - 70, 5*q - 2*z - 50 = 60. Calculate the remainder when ((-1234)/9)/(42/(-189)) is divided by q.
17
Suppose 0 = 10*m - 4*m + 8592. Let l = -914 - m. What is the remainder when l is divided by 65?
63
Let x(n) = -39*n - 1889. What is the remainder when x(-58) is divided by 22?
21
Let l be (-236)/(-9) + (-4)/90*5. Suppose 0*b = -b + l. What is the remainder when 97 is divided by b?
19
Let o = 1324 - 1311. What is the remainder when 28 is divided by o?
2
Let b(v) = 40*v**2 + 6*v. Let k be (-17)/(-68) - 14/(-8). What is the remainder when b(k) is divided by 15?
7
Let b = -39 - -76. Suppose 4*y - b = 7. Let c(q) = -q**2 + 14*q - 44. Calculate the remainder when y is divided by c(7).
1
Suppose 3*f - 4*g = 4828, -44*f + 5*g = -41*f - 4832. Calculate the remainder when f is divided by 125.
104
Suppose -5*p - g + 54 = 0, 3*p - 22*g - 10 = -17*g. Suppose 921 + 229 = p*b. What is the remainder when b is divided by 33?
16
Let c(q) = 8*q**2 - 76*q + 1164. What is the remainder when c(18) is divided by 32?
20
Suppose 4*m = 0, r + 8012 = 5*r - 3*m. Suppose 291 - r = -4*c. What is the remainder when c is divided by 43?
41
Let s(p) = p - 18. Let z be s(18). Let g be -2 + 1 + 2 - (z - -3). What is the remainder when 4/g*((-15)/2 + 3) is divided by 7?
2
Let d = 102 - 98. Suppose r + 326 = 5*z, 9 = d*r - 7. Calculate the remainder when z is divided by 14.
10
Let n = -6 + -13. Let v = n + 27. Suppose 5*m = 50 + 15. What is the remainder when m is divided by v?
5
What is the remainder when -2 + 12 + 66 + (7 - -1) is divided by 8?
4
Suppose 0 = 4*w + 20*w - 3720. Let x = -35 + w. Calculate the remainder when x is divided by 28.
8
Suppose 544 = 8*s - 126 - 122. Calculate the remainder when 224 is divided by s.
26
Suppose -7*w - 530 = -4*p, -19*p + w = -20*p + 149. Let m be ((-70)/3)/(7/21). Let u = 119 + m. What is the remainder when p is divided by u?
45
What is the remainder when (-3 + 5)/((-74)/(-1258)) is divided by 19?
15
Suppose 8*y - 9*y = -28. Let z(n) = -9*n - 18. Let i be z(11). Let c = -64 - i. What is the remainder when c is divided by y?
25
Let a(w) = w**2 + 11. Let y be a(-4). Suppose 0 = 2*p - 65 + y. Calculate the remainder when 147 is divided by p.
14
Let n(x) = -x**2 - 25*x - 20. Suppose 2*b - 68 = -0*b. What is the remainder when n(-4) is divided by b?
30
Let w(i) = 4760 + 38*i**3 - i - 4755 + i**2 - 4*i. What is the remainder when w(1) is divided by 9?
3
Suppose -x = -4*x. Suppose x = -16*m + 15*m + 87. Let d = m - 16. Calculate the remainder when d is divided by 24.
23
Calculate the remainder when 164 is divided by (-22)/(-2) + (1 - -2 - 9).
4
Calculate the remainder when 634 is divided by (2*(-1)/5)/((-1671797)/(-30960) - 54).
58
Suppose 2*q - 30 = 4*h, 47 = 2*q + 3*q + 4*h. Suppose 0 = 119*f - 128*f + 90. What is the remainder when q is divided by f?
1
Suppose 16 - 19 = -b. Suppose 1 = b*q - 14. Suppose 2*z - 14 = t + 3*t, 0 = -2*t + 6. Calculate the remainder when z is divided by q.
3
Suppose 5*d = 3*z + 727 - 268, 4*d = 5*z + 375. Let w = 86 - d. Let y(t) = -t**3 - t**2 + 4*t. What is the remainder when 95 is divided by y(w)?
31
Suppose -18 = -3*l + 3*t, 2*l - 3*t = t + 6. Suppose -b = -z - 36, b = 4*z - l*z + 24. Calculate the remainder when b is divided by 7.
6
Suppose 60*l + 1749 = 49*l. Let q = l + 192. What is the remainder when 163 is divided by q?
31
